e units digit of x?
8
Suppose -5*a = 4*p - 204, -4*a + 208 = 3*p + p. Let y = p + -26. What is the tens digit of y?
3
Suppose 0 = 3*j - 622 + 148. What is the tens digit of j?
5
Suppose -4*b - 48 = 3*s - 335, 3*s + 5*b - 283 = 0. Suppose 3*w + s + 178 = 5*q, 3*q = w + 165. What is the units digit of q?
4
Let j = 64 + -28. Let t = 208 - j. What is the tens digit of t?
7
Let r(g) = g**2 - 16*g + 9. Let c be 0 + 2 + 2 - -3. Let i be r(c). Let m = i + 92. What is the tens digit of m?
3
Let t(c) = -66*c + 559. What is the units digit of t(-12)?
1
Let u(m) = -m - 4. Let x be u(-6). Let j be x*(0 + -1) + 2. Suppose j = -2*v + 48 - 16. What is the tens digit of v?
1
Let w be 3/(-12) + 2994/8. Suppose -3*l + 900 = 5*v, 2*v - w = -0*l - 4*l. What is the tens digit of v?
7
Suppose 5*l - 6*p = -p + 4220, l + 5*p = 820. What is the hundreds digit of l?
8
Suppose 5*c + 14 = -i - 4, c + 6 = i. Suppose -j + 319 = 3*r, -2*r - i*r + 5*j = -419. Suppose 2*g = -0*g + r. What is the units digit of g?
3
What is the hundreds digit of ((-1)/(-2))/(-5 + 35605/7120)?
7
Let n = 20 - 15. Suppose -n*d + 3 = -4*d. Suppose d*j + 5 = 3*o + j, -o + 2*j - 5 = 0. What is the units digit of o?
5
Suppose 7*m - o = 2*m - 5, 0 = -3*m - 5*o + 25. Suppose m = 3*f + 81 - 300. What is the units digit of f?
3
Let f(r) = -24*r + 3. Let n(t) = 25*t - 3. Let u(z) = 6*f(z) + 5*n(z). What is the units digit of u(-5)?
8
Let h(m) = -m**2 + 12*m - 15. Let v be h(7). Suppose v = 2*o - 7*o. What is the tens digit of -4 + (o - -2 - -31)?
2
Let h = -6 - -3. Let s be 11 + (-6 + 2 - -1). Let i = s - h. What is the units digit of i?
1
Let c(u) = u**3 - 3 - 6*u**3 - 5*u**2 + 3*u**3 - u. What is the tens digit of c(-4)?
4
Let u = 22 - 17. What is the tens digit of (-2)/u - 935/(-25)?
3
Let d be (32/(-40))/((-1)/(-5)). What is the units digit of 11 + (3 + d)*4?
7
Let v(h) = 80*h - 99. What is the thousands digit of v(22)?
1
Suppose -61*w - 950 = -66*w. What is the tens digit of w?
9
Let g = 865 - 454. What is the hundreds digit of g?
4
Suppose 3*w - 203 - 370 = 0. What is the units digit of w?
1
Let j(g) = 18*g - 8. What is the units digit of j(11)?
0
Let t(u) = -u**3 + 15*u**2 - 12*u + 10. Let y be t(13). Let x be (-30)/(-4)*y/40. Let s = x + -24. What is the units digit of s?
2
What is the units digit of ((-624)/(-468))/((-8)/(-4074))?
9
Let o(x) be the second derivative of 7*x**3/2 - x**2/2 - 2*x. Let i be o(1). Suppose 5*t - i = -0*t. What is the units digit of t?
4
Suppose -163*y = -162*y - 909. What is the units digit of y?
9
Suppose 5*t + s = 1001, -t = 2*t + s - 601. Suppose 5*q + f - 6*f = t, 2*q + 2*f - 76 = 0. What is the tens digit of q?
3
Suppose 2*b - 909 = -157. What is the tens digit of b?
7
Suppose 5*m + 2*r - 272 = m, -4*r - 366 = -5*m. Let y be (-2)/(-10) + 546/m. Suppose 7*j = y*j - 31. What is the tens digit of j?
3
Let p(g) = -g**3 + 3*g**2 + 2*g + 1. Let l be p(4). Let n(q) = 2*q + 13. Let m be n(l). What is the units digit of (m + -6)/(9/(-45))?
5
Let k(y) = 50*y + 2. Let n(h) = 250*h + 10. Let j(b) = 16*k(b) - 3*n(b). What is the units digit of j(1)?
2
Let q = -177 + 180. Suppose 4*i - 78 = -2*j, 0*j - q*j + 5*i + 95 = 0. What is the units digit of j?
5
Let o = 28 + -4. What is the tens digit of ((-293)/5)/(o/30 + -1)?
9
What is the units digit of (-4)/22 - 13311/(-187)?
1
Let o(a) = a + 1. Let m(f) = -f**3 - f**2 - 3*f - 6. Let g(i) = m(i) + 6*o(i). What is the units digit of g(-3)?
9
Let s(b) = 4*b - 9. Let w(k) = -2*k + 4. Let i = -8 - -14. Let g(f) = i*s(f) + 10*w(f). What is the units digit of g(10)?
6
Let l = 11 + -6. Let f(z) = 51*z - 7. What is the tens digit of f(l)?
4
Let z(b) = -b**2 + b + 1. Let g(l) = -6*l**2 + 10*l + 18. Let n(d) = -g(d) + 5*z(d). What is the tens digit of n(9)?
2
Let l = -6264 + 9641. What is the thousands digit of l?
3
Let c be 2/(-1) - (9 + -15). What is the units digit of (6/8)/(1/c)?
3
Let s = 105 - 113. Let j(q) = q**3 - 3 - 7*q**2 + 15*q**2 - q - 3. What is the units digit of j(s)?
2
Let b(v) = v**2 + 5*v - 4. Let s be -8*3/18*-3. Let d be b(s). Let k = 33 + d. What is the units digit of k?
5
Let m = -11 - -31. Suppose 12*w + 384 = m*w. What is the tens digit of w?
4
Let w = 17 - 1. Let y = 36 - w. What is the units digit of y?
0
Let v = -54 + 70. What is the tens digit of v?
1
Suppose -5*h = -5*d, 0 = -d + 2*d - 4*h + 15. Suppose 3*y + 0*y - 12 = 0. Suppose 4*n - 234 = 4*o - o, 0 = -y*n + d*o + 230. What is the tens digit of n?
6
What is the hundreds digit of 47/(-282) + (-46)/12 + 3357?
3
Suppose 4173 = -5*h + 21763. What is the hundreds digit of h?
5
Let c(p) = -p**2 - p + 20. Let n be c(0). Let a be 3685/35 - (-8)/(-28). Suppose a = 5*t + n. What is the units digit of t?
7
Let w be 222 + (-15)/10 + 6/4. Let q = w - 111. What is the tens digit of q?
1
Let k(h) = h**3 + 9*h**2 + 8*h + 2. Let l be k(-8). Let j be l - 10/(-4)*18. Let v = j + -34. What is the tens digit of v?
1
Suppose 0 = -7*l + 1892 + 19983. What is the thousands digit of l?
3
Suppose 48140 = 35*p - 14895. What is the thousands digit of p?
1
Suppose -97356 = -18*l - 10002. What is the tens digit of l?
5
Suppose -60 = -3*r - 3*r. Suppose q + 0*z + 14 = 4*z, 3*z = q + r. What is the units digit of q?
2
Let y = 3 + -8. Let a(p) = -p + 25 + 0*p + 0*p - 24. What is the units digit of a(y)?
6
Let y = -5 - 4. Let d(n) = -7*n - 8. Let r be d(y). Suppose 0*s + r = 5*s. What is the tens digit of s?
1
Suppose -25*u + 23*u = -90. Let k be (-36)/u*345*-1. Suppose 3*r = -3*r + k. What is the tens digit of r?
4
Let v(f) = -2*f + 229. Let i(l) = 4*l - 458. Let r(q) = 2*i(q) + 5*v(q). What is the tens digit of r(0)?
2
Suppose -10 = -2*j + 4*z, 3 + 3 = 3*j - 3*z. Let l be (-10 + 11)*(5 + j). What is the tens digit of 18/l*512/48?
4
What is the units digit of ((-3302)/5 - 2/(-5))/(-1)?
0
Let b be 0/1 + -4 + 7. Suppose 5*f + 4 = -3*i - 129, -b*i + f - 121 = 0. Let s = i + 59. What is the units digit of s?
8
Let j be (-328)/(-24) - 2/3. Suppose 20 = -x - j. Let g = -14 - x. What is the units digit of g?
9
Let t be ((-10)/15)/((-2)/12). Let l(y) = -9*y + 7. Let s be l(7). What is the units digit of s/(-6)*6/t?
4
Let p be 3 + (2 - (3 - 0)). Suppose 0 = v - p. What is the tens digit of (17/(-2))/(v/(-4))?
1
Suppose 2*v = -3*v - 165. Let w = -28 - v. Suppose -32 = -w*s + 18. What is the tens digit of s?
1
Let r(l) = -l + 3. Let b be r(4). Suppose 3*t = 4*n + 53, -4*t + 5*n = -t - 52. Let h = t + b. What is the tens digit of h?
1
Suppose -k = -0*k - 1. Let t(j) = 41*j + k + 22*j + 1 + 0. What is the tens digit of t(1)?
6
Suppose 0 = 5*g + c - 17, 6*c - 3*c - 3 = g. Suppose -5*l = -0*l + g*q + 221, 15 = 5*q. What is the tens digit of l/(-4) - 21/14?
1
Suppose 0 = 3*u + 4 + 2. Let o be (u/(-5))/((-1)/(-5)). Suppose -o*k = 2 - 4. What is the units digit of k?
1
Let x(f) = 31*f + 128. What is the units digit of x(7)?
5
Let p(t) be the third derivative of t**7/840 - t**6/72 - t**4/2 - 7*t**3/6 + 9*t**2. Let z(x) be the first derivative of p(x). What is the tens digit of z(6)?
2
Suppose 0 = 6*f - 1257 - 1623. What is the units digit of f?
0
Let o(n) = -6*n**3 - n**2 + 1. Let i be o(1). Let d(y) be the first derivative of 2*y**3/3 + 9*y**2/2 - 13*y - 28. What is the units digit of d(i)?
5
Suppose 112 + 0 = -7*b. What is the units digit of 0 + ((-2716)/b - (-1)/4)?
0
Let o = 2996 + 1144. What is the units digit of o?
0
Suppose -7 = 4*v - 23. Let i be v*85/(-10) - -2. Let l = -25 - i. What is the units digit of l?
7
Suppose 0 = 52*m + 13*m - 114985. What is the tens digit of m?
6
Let k = 4271 + -2894. What is the units digit of k?
7
Suppose q + 10 = -3*d, 5*d = -3*q + 2*d - 6. Suppose 3*s - 4*h = 77, -q*h + 4*h + 48 = 2*s. Let k = -10 + s. What is the units digit of k?
9
Let z(l) = 9*l**2 - 35*l + 1 + 0*l**3 + l**3 + 21*l. What is the units digit of z(-10)?
1
Let h(n) = -52*n**3 - n**2 - 2*n - 1. Let w be h(-1). What is the tens digit of w*(2 - (-2 - -3))?
5
Let d be 30/45 - (-65)/(-3). Let t = d - -167. What is the units digit of t?
6
Suppose 0 = -5*k + a - 39, 5 = 3*k - 4*k + 3*a. Let n(g) = -4*g + 22. Let h be n(k). Suppose 0 = -0*s + 6*s - h. What is the units digit of s?
9
Let l(m) = m**3 - 2*m**2 - 3*m. Let v be 1 - 3/(-6)*4. Let y be l(v). Suppose y*c - 5*c = -170. What is the units digit of c?
4
